r when 672 is divided by 167.
4
What is the remainder when 198 is divided by 187?
11
Calculate the remainder when 18975 is divided by 3.
0
What is the remainder when 243 is divided by 19?
15
Calculate the remainder when 417 is divided by 14.
11
What is the remainder when 21645 is divided by 158?
157
Calculate the remainder when 382 is divided by 50.
32
What is the remainder when 696 is divided by 18?
12
Calculate the remainder when 44 is divided by 24.
20
What is the remainder when 1422 is divided by 17?
11
What is the remainder when 45 is divided by 34?
11
Calculate the remainder when 710 is divided by 10.
0
Calculate the remainder when 794 is divided by 33.
2
Calculate the remainder when 386 is divided by 41.
17
What is the remainder when 475 is divided by 80?
75
What is the remainder when 139 is divided by 46?
1
What is the remainder when 338 is divided by 34?
32
What is the remainder when 418 is divided by 39?
28
What is the remainder when 117 is divided by 53?
11
Calculate the remainder when 175 is divided by 31.
20
Calculate the remainder when 524 is divided by 88.
84
What is the remainder when 2646 is divided by 879?
9
Calculate the remainder when 26 is divided by 18.
8
What is the remainder when 506 is divided by 126?
2
What is the remainder when 214 is divided by 101?
12
What is the remainder when 145 is divided by 73?
72
What is the remainder when 40 is divided by 14?
12
What is the remainder when 631 is divided by 30?
1
Calculate the remainder when 160 is divided by 64.
32
Calculate the remainder when 30 is divided by 6.
0
Calculate the remainder when 73 is divided by 35.
3
What is the remainder when 842 is divided by 211?
209
Calculate the remainder when 743 is divided by 703.
40
What is the remainder when 38090 is divided by 214?
212
What is the remainder when 748 is divided by 16?
12
Calculate the remainder when 661 is divided by 95.
91
Calculate the remainder when 45 is divided by 8.
5
What is the remainder when 87 is divided by 15?
12
What is the remainder when 329 is divided by 83?
80
What is the remainder when 623 is divided by 24?
23
Calculate the remainder when 17342 is divided by 5.
2
Calculate the remainder when 1945 is divided by 969.
7
What is the remainder when 59 is divided by 23?
13
What is the remainder when 125 is divided by 6?
5
What is the remainder when 863 is divided by 55?
38
Calculate the remainder when 395 is divided by 36.
35
What is the remainder when 1281 is divided by 369?
174
Calculate the remainder when 547 is divided by 310.
237
Calculate the remainder when 1243 is divided by 138.
1
Calculate the remainder when 549 is divided by 10.
9
What is the remainder when 1819 is divided by 35?
34
What is the remainder when 148 is divided by 41?
25
Calculate the remainder when 980 is divided by 162.
8
What is the remainder when 1700 is divided by 37?
35
Calculate the remainder when 593 is divided by 60.
53
What is the remainder when 1389 is divided by 107?
105
Calculate the remainder when 44 is divided by 10.
4
What is the remainder when 787 is divided by 110?
17
Calculate the remainder when 80 is divided by 48.
32
Calculate the remainder when 316 is divided by 160.
156
What is the remainder when 239 is divided by 48?
47
Calculate the remainder when 253 is divided by 24.
13
Calculate the remainder when 372 is divided by 357.
15
What is the remainder when 1943 is divided by 332?
283
Calculate the remainder when 498 is divided by 28.
22
What is the remainder when 200 is divided by 41?
36
What is the remainder when 1221 is divided by 406?
3
Calculate the remainder when 372 is divided by 180.
12
Calculate the remainder when 4755 is divided by 20.
15
Calculate the remainder when 343 is divided by 71.
59
Calculate the remainder when 1750 is divided by 39.
34
What is the remainder when 3126 is divided by 149?
146
Calculate the remainder when 1374 is divided by 32.
30
Calculate the remainder when 711 is divided by 6.
3
What is the remainder when 58 is divided by 16?
10
Calculate the remainder when 116 is divided by 31.
23
Calculate the remainder when 16046 is divided by 136.
134
Calculate the remainder when 184 is divided by 34.
14
What is the remainder when 87 is divided by 36?
15
What is the remainder when 325 is divided by 55?
50
What is the remainder when 1622 is divided by 268?
14
What is the remainder when 71 is divided by 36?
35
What is the remainder when 106 is divided by 23?
14
Calculate the remainder when 1049 is divided by 17.
12
Calculate the remainder when 155 is divided by 33.
23
What is the remainder when 1110 is divided by 140?
130
What is the remainder when 261 is divided by 40?
21
What is the remainder when 39 is divided by 20?
19
Calculate the remainder when 187 is divided by 85.
17
Calculate the remainder when 672 is divided by 85.
77
What is the remainder when 986 is divided by 11?
7
Calculate the remainder when 19 is divided by 13.
6
What is the remainder when 131 is divided by 22?
21
What is the remainder when 200 is divided by 52?
44
Calculate the remainder when 1818 is divided by 16.
10
Calculate the remainder when 611 is divided by 90.
71
Calculate the remainder when 252 is divided by 8.
4
What is the remainder when 170 is divided by 35?
30
What is the remainder when 345 is divided by 88?
81
What is the remainder when 48 is divided by 16?
0
Calculate the remainder when 57 is divided by 20.
17
Calculate the remainder when 19 is divided by 2.
1
What is the remainder when 202 is divided by 136?
66
Calculate the remainder when 561 is divided by 94.
91
Calculate the remainder when 310 is divided by 62.
0
Calculate the remainder when 162 is divided by 66.
30
What is the remainder when 2939 is divided by 109?
105
Calculate the remainder when 186 is divided by 93.
0
What is the remainder when 28 is divided by 14?
0
Calculate the remainder when 4959 is divided by 17.
12
What is the remainder when 4305 is divided by 22?
15
What is the remainder when 29637 is divided by 19?
16
Calculate the remainder when 2501 is divided by 7.
2
Calculate the remainder when 16949 is divided by 13.
10
What is the remainder when 303 is divided by 65?
43
What is the remainder when 1586 is divided by 30?
26
What is the remainder when 500 is divided by 183?
134
Calculate the remainder when 67 is divided by 26.
15
Calculate the remainder when 1802 is divided by 22.
20
What is the remainder when 3265 is divided by 121?
119
What is the remainder when 118 is divided by 25?
18
Calculate the remainder when 216 is divided by 162.
54
Calculate the remainder when 2991 is divided by 113.
53
Calculate the remainder when 1885 is divided by 276.
229
What is the remainder when 32372 is divided by 109?
108
What is the remainder when 20024 is divided by 225?
224
Calculate the remainder when 155 is divided by 10.
5
What is the remainder when 1277 is divided by 37?
19
Calculate the remainder when 2751 is divided by 102.
99
Calculate the remainder when 507 is divided by 247.
13
What is the remainder when 150 is divided by 38?
36
Calculate the remainder when 147 is divided by 83.
64
Calculate the remainder when 495 is divided by 100.
95
What is the remainder when 55 is divided by 16?
7
What is the remainder when 250 is divided by 164?
86
What is the remainder when 4954 is divided by 66?
4
What is the remainder when 487 is divided by 35?
32
What is the remainder when 852 is divided by 99?
60
What is the remainder when 771 is divided by 180?
51
Calculate the remainder when 15 is divided by 5.
0
What is the remainder when 59 is divided by 30?
29
Calculate the remainder when 267 is divided by 45.
42
Calculate the remainder when 416 is divided by 31.
13
Calculate the remainder when 191 is divided by 59.
14
Calculate the remainder when 403 is divided by 15.
13
Calculate the remainder when 113 is divided by 92.
21
Calculate the remainder when 413 is divided by 5.
3
Calculate the remainder when 290 is divided by 25.
15
What is the remainder when 480 is divided by 192?
96
Calculate the remainder when 463 is divided by 220.
23
What is the remainder when 18 is divided by 17?
1
Calculate the remainder when 12 is divided by 4.
0
What is the remainder when 8271 is divided by 94?
93
What is the remainder when 862 is divided by 283?
13
Calculate the remaind